ctors of 211366?
2, 105683
List the prime factors of 26724968.
2, 71, 47051
What are the prime factors of 1382942?
2, 11, 62861
What are the prime factors of 6087099?
3, 2029033
What are the prime factors of 1886702?
2, 59, 271
What are the prime factors of 1095433?
1095433
What are the prime factors of 2105731?
2105731
What are the prime factors of 263997?
3, 29333
List the prime factors of 5714481.
3, 1904827
List the prime factors of 12130330.
2, 5, 1213033
What are the prime factors of 288686?
2, 19, 71, 107
List the prime factors of 1794495.
3, 5, 119633
List the prime factors of 8678729.
31, 83, 3373
List the prime factors of 750350.
2, 5, 43, 349
List the prime factors of 939685.
5, 71, 2647
List the prime factors of 1043013.
3, 347671
List the prime factors of 8442812.
2, 7, 17, 17737
List the prime factors of 5612625.
3, 5, 1663
What are the prime factors of 1649385?
3, 5, 36653
What are the prime factors of 5358554?
2, 2679277
What are the prime factors of 67093?
13, 397
List the prime factors of 19002632.
2, 11, 215939
What are the prime factors of 3100861?
3100861
What are the prime factors of 5299427?
7, 17, 44533
List the prime factors of 272604.
2, 3, 22717
What are the prime factors of 144255?
3, 5, 59, 163
What are the prime factors of 5047581?
3, 7, 11, 21851
What are the prime factors of 146774?
2, 73387
List the prime factors of 13985657.
7, 1051, 1901
What are the prime factors of 118666?
2, 59333
What are the prime factors of 4849544?
2, 7, 86599
List the prime factors of 305669.
7, 13, 3359
List the prime factors of 2614374.
2, 3, 7, 20749
What are the prime factors of 253813?
7, 101, 359
List the prime factors of 261252.
2, 3, 41, 59
What are the prime factors of 3085125?
3, 5, 19, 433
List the prime factors of 114513.
3, 7, 19, 41
What are the prime factors of 237109?
127, 1867
List the prime factors of 63832.
2, 79, 101
What are the prime factors of 202279?
7, 11, 37, 71
List the prime factors of 83352.
2, 3, 23, 151
List the prime factors of 230135.
5, 46027
What are the prime factors of 13832744?
2, 41, 181, 233
List the prime factors of 18515669.
17, 773, 1409
What are the prime factors of 234407?
29, 59, 137
List the prime factors of 4418.
2, 47
What are the prime factors of 5406078?
2, 3, 901013
List the prime factors of 8761199.
1429, 6131
List the prime factors of 8180830.
2, 5, 7, 19, 6151
What are the prime factors of 14367570?
2, 3, 5, 7, 31, 2207
What are the prime factors of 294888?
2, 3, 11, 1117
List the prime factors of 698556.
2, 3, 23, 2531
What are the prime factors of 41157?
3, 17, 269
List the prime factors of 775314.
2, 3, 19, 2267
List the prime factors of 876634.
2, 11, 39847
List the prime factors of 6808318.
2, 11, 309469
List the prime factors of 196386.
2, 3, 71, 461
What are the prime factors of 1226201?
643, 1907
List the prime factors of 11762244.
2, 3, 13, 41, 613
What are the prime factors of 529281?
3, 19603
What are the prime factors of 15700?
2, 5, 157
List the prime factors of 11345887.
7, 1620841
What are the prime factors of 582987?
3, 29, 6701
What are the prime factors of 15973298?
2, 11, 127, 5717
List the prime factors of 149567.
11, 13597
What are the prime factors of 14542856?
2, 499, 3643
List the prime factors of 176465.
5, 29, 1217
What are the prime factors of 529368?
2, 3, 7, 23, 137
List the prime factors of 228108.
2, 3, 19009
What are the prime factors of 7756?
2, 7, 277
List the prime factors of 10684835.
5, 7, 305281
List the prime factors of 253591.
13, 19507
List the prime factors of 421292.
2, 105323
List the prime factors of 3606681.
3, 13, 92479
List the prime factors of 5812340.
2, 5, 290617
What are the prime factors of 19936029?
3, 1493, 4451
List the prime factors of 6105696.
2, 3, 63601
List the prime factors of 5211348.
2, 3, 31, 14009
List the prime factors of 566964.
2, 3, 15749
What are the prime factors of 397420?
2, 5, 31, 641
What are the prime factors of 1934057?
829, 2333
What are the prime factors of 13669?
13669
What are the prime factors of 721487?
13, 19, 23, 127
List the prime factors of 14676537.
3, 1153, 4243
List the prime factors of 2547990.
2, 3, 5, 9437
What are the prime factors of 1046832?
2, 3, 113, 193
What are the prime factors of 6459900?
2, 3, 5, 61, 353
List the prime factors of 376466.
2, 19, 9907
List the prime factors of 7719810.
2, 3, 5, 7, 36761
What are the prime factors of 7275?
3, 5, 97
What are the prime factors of 2216340?
2, 3, 5, 7, 1759
What are the prime factors of 48751?
48751
List the prime factors of 153126.
2, 3, 47, 181
List the prime factors of 9471326.
2, 317, 14939
List the prime factors of 235639.
67, 3517
What are the prime factors of 7304526?
2, 3, 17, 73, 109
List the prime factors of 814401.
3, 7, 31, 139
What are the prime factors of 224468?
2, 17, 3301
List the prime factors of 17665889.
17665889
What are the prime factors of 6592544?
2, 7, 19, 1549
What are the prime factors of 3909345?
3, 5, 11, 19, 29, 43
List the prime factors of 18691066.
2, 73, 128021
What are the prime factors of 9237323?
307, 30089
What are the prime factors of 471357?
3, 83, 631
What are the prime factors of 37279?
11, 3389
List the prime factors of 4842194.
2, 7, 157, 2203
List the prime factors of 1287782.
2, 19, 33889
What are the prime factors of 164846?
2, 11, 59, 127
List the prime factors of 467799.
3, 19, 29, 283
What are the prime factors of 344483?
344483
What are the prime factors of 10076904?
2, 3, 173, 809
What are the prime factors of 6393426?
2, 3, 13, 81967
What are the prime factors of 2203113?
3, 11, 101, 661
What are the prime factors of 660553?
67, 9859
List the prime factors of 331665.
3, 5, 22111
What are the prime factors of 378899?
563, 673
List the prime factors of 428023.
428023
What are the prime factors of 2899187?
2899187
List the prime factors of 30505780.
2, 5, 241, 6329
What are the prime factors of 4444444?
2, 239, 4649
What are the prime factors of 2643226?
2, 397, 3329
List the prime factors of 4917062.
2, 401, 6131
List the prime factors of 712273.
479, 1487
What are the prime factors of 278526?
2, 3, 61, 761
What are the prime factors of 2194395?
3, 5, 7, 20899
List the prime factors of 14103958.
2, 11, 641089
List the prime factors of 70726.
2, 35363
What are the prime factors of 1574880?
2, 3, 5, 17, 193
What are the prime factors of 682087?
7, 97441
What are the prime factors of 331254?
2, 3, 7, 11, 239
What are the prime factors of 115556?
2, 7, 4127
List the prime factors of 744154.
2, 19, 19583
What are the prime factors of 20435279?
19, 173, 6217
List the prime factors of 1131446.
2, 565723
What are the prime factors of 842623?
842623
What are the prime factors of 3634153?
1229, 2957
What are the prime factors of 2634412?
2, 11, 5443
What are the prime factors of 5150712?
2, 3, 7, 23, 31, 43
What are the prime factors of 608093?
97, 6269
List the prime factors of 1025516.
2, 449, 571
What are the prime factors of 856620?
2, 3, 5, 4759
List the prime factors of 299670.
2, 3, 5, 7, 1427
List the prime factors of 2377227.
3, 67, 11827
What are the prime factors of 1704330?
2, 3, 5, 29, 653
What are the prime factors of 3868444?
2, 967111
What are the prime factors of 3197244?
2, 3, 19, 37, 379
List the prime factors of 312212.
2, 89, 877
List the prime factors of 160514.
2, 17, 4721
List the prime factors of 158732.
2, 7, 5669
What are the prime factors of 1492813?
7, 167, 1277
List the prime factors of 2246975.
5, 17, 311
What are the prime factors of 28158035?
5, 17, 337, 983
What are the prime factors of 331730?
2, 5, 7, 677
List the prime factors of 42155.
5, 8431
What are the prime factors of 166716?
2, 3, 11, 421
List the prime factors of 252026.
2, 126013
What are the prime factors of 1190425?
5, 17, 2801
List the prime factors of 542918.
2, 43, 59, 107
List the prime factors of 350140.
2, 5, 7, 41, 61
List the prime factors of 1231796.
2, 101, 3049
List the prime factors of 100267.
100267
List the prime factors of 282047.
17, 47, 353
List the prime factors of 5425914.
2, 3, 13, 5351
List the prime factors of 9392162.
2, 13, 361237
What are the prime factors of 13967483?
59, 236737
What are the prime factors of 1944488?
2, 7, 13, 2671
What are the prime factors of 3627069